{"id":2043,"date":"2021-03-23T15:06:26","date_gmt":"2021-03-23T18:06:26","guid":{"rendered":"https:\/\/www.gasalva.cl\/insumos-medicos\/?post_type=product&#038;p=2043"},"modified":"2025-06-17T18:38:16","modified_gmt":"2025-06-17T22:38:16","slug":"suspensor-escrotal","status":"publish","type":"product","link":"https:\/\/www.gasalva.cl\/insumos-medicos\/producto\/suspensor-escrotal\/","title":{"rendered":"Suspensor Escrotal"},"content":{"rendered":"","protected":false},"excerpt":{"rendered":"<p>&nbsp;<\/p>\n<p><strong>Descripci\u00f3n\u00a0<\/strong><\/p>\n<p>Soporte escrotal confeccionado en tela de toalla, m\u00e1s bolsa de Stokinett algod\u00f3n y bandas de el\u00e1stico rachel, ajustable con cierre de contacto.<\/p>\n<p>&nbsp;<\/p>\n<p><strong>Indicaci\u00f3n<\/strong><br \/>\nAuxiliar en el tratamiento de la hernia inguinal.<\/p>\n<p>Trastornos de la bolsa escrotal y post operatorio de varicocele.<\/p>\n<p>En edema escrotal.<\/p>\n<p>&nbsp;<\/p>\n","protected":false},"featured_media":2044,"template":"","meta":{"_kad_post_transparent":"default","_kad_post_title":"","_kad_post_layout":"default","_kad_post_sidebar_id":"","_kad_post_content_style":"default","_kad_post_vertical_padding":"default","_kad_post_feature":"","_kad_post_feature_position":"","_kad_post_header":false,"_kad_post_footer":false},"product_brand":[],"product_cat":[140,104,92],"product_tag":[124,215,120,214],"class_list":{"0":"post-2043","1":"product","2":"type-product","3":"status-publish","4":"has-post-thumbnail","6":"product_cat-adulto","7":"product_cat-cuidado-del-paciente","8":"product_cat-ortopedia","9":"product_tag-blunding","10":"product_tag-hernia-inguinal","11":"product_tag-ortopedia","12":"product_tag-suspensor-escrotal","14":"first","15":"instock","16":"shipping-taxable","17":"purchasable","18":"product-type-variable","19":"entry","20":"content-bg","21":"loop-entry"},"_links":{"self":[{"href":"https:\/\/www.gasalva.cl\/insumos-medicos\/wp-json\/wp\/v2\/product\/2043","targetHints":{"allow":["GET"]}}],"collection":[{"href":"https:\/\/www.gasalva.cl\/insumos-medicos\/wp-json\/wp\/v2\/product"}],"about":[{"href":"https:\/\/www.gasalva.cl\/insumos-medicos\/wp-json\/wp\/v2\/types\/product"}],"wp:featuredmedia":[{"embeddable":true,"href":"https:\/\/www.gasalva.cl\/insumos-medicos\/wp-json\/wp\/v2\/media\/2044"}],"wp:attachment":[{"href":"https:\/\/www.gasalva.cl\/insumos-medicos\/wp-json\/wp\/v2\/media?parent=2043"}],"wp:term":[{"taxonomy":"product_brand","embeddable":true,"href":"https:\/\/www.gasalva.cl\/insumos-medicos\/wp-json\/wp\/v2\/product_brand?post=2043"},{"taxonomy":"product_cat","embeddable":true,"href":"https:\/\/www.gasalva.cl\/insumos-medicos\/wp-json\/wp\/v2\/product_cat?post=2043"},{"taxonomy":"product_tag","embeddable":true,"href":"https:\/\/www.gasalva.cl\/insumos-medicos\/wp-json\/wp\/v2\/product_tag?post=2043"}],"curies":[{"name":"wp","href":"https:\/\/api.w.org\/{rel}","templated":true}]}}